{"id":5452,"date":"2018-03-23T11:34:34","date_gmt":"2018-03-23T10:34:34","guid":{"rendered":"https:\/\/le-clairon-nouveau.fr\/wordpress\/?page_id=5452"},"modified":"2018-12-20T11:38:28","modified_gmt":"2018-12-20T10:38:28","slug":"nos-lecteurs-nous-ecrivent","status":"publish","type":"page","link":"https:\/\/le-clairon-nouveau.fr\/wordpress\/pages-visibles\/nos-lecteurs-nous-ecrivent\/","title":{"rendered":"Nos lecteurs nous \u00e9crivent"},"content":{"rendered":"<p style=\"text-align: justify;\"><em><a href=\"https:\/\/i0.wp.com\/le-clairon-nouveau.fr\/wordpress\/wp-content\/uploads\/2018\/03\/Madame-de-Lafayette.jpg?ssl=1\"><img data-recalc-dims=\"1\" loading=\"lazy\" decoding=\"async\" class=\"size-medium wp-image-5453 alignleft\" src=\"https:\/\/i0.wp.com\/le-clairon-nouveau.fr\/wordpress\/wp-content\/uploads\/2018\/03\/Madame-de-Lafayette.jpg?resize=241%2C300&#038;ssl=1\" alt=\"\" width=\"241\" height=\"300\" srcset=\"https:\/\/i0.wp.com\/le-clairon-nouveau.fr\/wordpress\/wp-content\/uploads\/2018\/03\/Madame-de-Lafayette.jpg?resize=241%2C300&amp;ssl=1 241w, https:\/\/i0.wp.com\/le-clairon-nouveau.fr\/wordpress\/wp-content\/uploads\/2018\/03\/Madame-de-Lafayette.jpg?w=308&amp;ssl=1 308w\" sizes=\"auto, (max-width: 241px) 100vw, 241px\" \/><\/a><\/em><\/p>\n<p style=\"text-align: justify;\"><span style=\"font-size: 14pt;\"><em>Dans cette rubrique, illustr\u00e9e par le portrait de madame de Lafayette, l\u2019\u00e9quipe de r\u00e9daction du \u00ab&nbsp;Clairon&nbsp;\u00bb publie des courriers de lecteurs qu\u2019elle a s\u00e9lectionn\u00e9s parce qu\u2019\u00e9crits en r\u00e9action \u00e0 tel ou tel article publi\u00e9 par notre journal. <\/em><\/span><\/p>\n<p style=\"text-align: justify;\"><span style=\"font-size: 14pt;\"><em>La responsabilit\u00e9 du Clairon de l\u2019Atax n\u2019est pas engag\u00e9e par le contenu de <span class='tooltipsall tooltip_post_id_29829 classtoolTips180'>ces<\/span> textes.<\/em><\/span><\/p>\n<p>&nbsp;<\/p>\n<p>&nbsp;<\/p>\n<div class=\"pt-cv-wrapper\"><div class=\"pt-cv-view pt-cv-grid pt-cv-colsys pt-cv-post-border\" id=\"pt-cv-view-8090fb6z9g\"><div data-id=\"pt-cv-page-1\" class=\"pt-cv-page cv-npf\" data-cvc=\"1\"><div class=\"col-md-12 col-sm-12 col-xs-12 pt-cv-content-item pt-cv-2-col\"  data-pid=\"0\"><div class='pt-cv-ifield'><div class=\"pt-cv-no-post\">Aucune publication trouv\u00e9e.<\/div><\/div><\/div><\/div><\/div><\/div>\t\t\t<style type=\"text\/css\" id=\"pt-cv-inline-style-c094b35nai\">#pt-cv-view-8090fb6z9g.pt-cv-post-border { margin: 0; border-top-width: 1px; border-left-width: 1px }\n#pt-cv-view-8090fb6z9g.pt-cv-post-border { margin: 0; border-top-style: solid; border-left-style: solid }\n#pt-cv-view-8090fb6z9g.pt-cv-post-border { margin: 0; border-top-color: #ede0ce; border-left-color: #ede0ce }\n#pt-cv-view-8090fb6z9g.pt-cv-post-border .pt-cv-content-item   { border-right-width: 1px; border-bottom-width: 1px; border-right-style: solid; border-bottom-style: solid; border-right-color: #ede0ce; border-bottom-color: #ede0ce; }\n#pt-cv-view-8090fb6z9g .pt-cv-title a, #pt-cv-view-8090fb6z9g  .panel-title { font-weight: 600 !important; }\n#pt-cv-view-8090fb6z9g  .pt-cv-hover-wrapper::before   { background-color: rgba(0,0,0,.3) !important; }\n#pt-cv-view-8090fb6z9g  .pt-cv-content-item:hover .pt-cv-hover-wrapper::before   { background-color: rgba(51,51,51,.6) !important; }\n#pt-cv-view-8090fb6z9g:not(.pt-cv-nohover) .pt-cv-mask *   { color: #fff; }\n#pt-cv-view-8090fb6z9g .pt-cv-carousel-caption  { background-color: rgba(51,51,51,.6) !important; }\n#pt-cv-view-8090fb6z9g .pt-cv-meta-fields * { color: #dd3333 !important; font-weight: 600 !important; }\n#pt-cv-view-8090fb6z9g .pt-cv-specialp { background-color: #CC3333 !important }\n#pt-cv-view-8090fb6z9g .pt-cv-specialp * { color: #fff !important; }\n#pt-cv-view-8090fb6z9g .pt-cv-pficon  { color: #bbb !important; }\n#pt-cv-view-8090fb6z9g  .add_to_cart_button, #pt-cv-view-8090fb6z9g  .add_to_cart_button *   { color: #ffffff !important; background-color: #00aeef !important; }\n#pt-cv-view-8090fb6z9g  .woocommerce-onsale   { color: #ffffff !important; background-color: #ff5a5f !important; }\n#pt-cv-view-8090fb6z9g .pt-cv-readmore:hover  { color: #ffffff !important; background-color: #00aeef !important; }\n#pt-cv-view-8090fb6z9g  + .pt-cv-pagination-wrapper .pt-cv-more , #pt-cv-view-8090fb6z9g  + .pt-cv-pagination-wrapper .pagination .active a { color: #ffffff !important; background-color: #00aeef !important; }\n[id^='pt-cv-filter-bar-8090fb6z9g'] .active.pt-cv-filter-option, [id^='pt-cv-filter-bar-8090fb6z9g'] .active .pt-cv-filter-option, [id^='pt-cv-filter-bar-8090fb6z9g'] .selected.pt-cv-filter-option, [id^='pt-cv-filter-bar-8090fb6z9g'] .dropdown-toggle   { color: #fff !important; background-color: #00aeef !important; }\n[id^='pt-cv-filter-bar-8090fb6z9g'] .pt-cv-filter-title   { color: #fff !important; background-color: #00aeef !important; }\n#pt-cv-gls-8090fb6z9g li a.pt-active   { color: #fff !important; background-color: #ff5a5f !important; }\n#pt-cv-view-8090fb6z9g .pt-cv-gls-header  { color: #fff !important; background-color: #00aeef !important; }<\/style>\r\n\t\t\t\n<script type=\"text\/javascript\"> var tt_store_content = \"\\<p style\\='text\\-align\\: center;'\\>\\<span style\\='font\\-size\\: 14pt;'\\>\\<strong\\>R\\<\\\/strong\\>\u00e9pertoire \\<strong\\>N\\<\\\/strong\\>ational des \\<strong\\>A\\<\\\/strong\\>ssociations\\<\\\/span\\>\\<\\\/p\\>\"; toolTips('.classtoolTips159',tt_store_content,'24374'); <\/script><script type=\"text\/javascript\"> var tt_store_content = \"\\<p\\>Conseil \u00c9conomique et Social\\<\\\/p\\>\"; toolTips('.classtoolTips180',tt_store_content,'29829'); <\/script><script type=\"text\/javascript\"> var tt_store_content = \"\\<p style\\='text\\-align\\: center;'\\>\\<span style\\='font\\-size\\: 14pt;'\\>\\<strong\\>G\\<\\\/strong\\>roupement \\<strong\\>H\\<\\\/strong\\>ospitalier de \\<strong\\>T\\<\\\/strong\\>erritoire\\<\\\/span\\>\\<\\\/p\\><br\/>\\<p style\\='text\\-align\\: justify;'\\>Les groupements hospitaliers de territoires, dispositif pr\u00e9vu par la loi de sant\u00e9 2016, sont un nouveau mode de coop\u00e9ration entre les \u00e9tablissements publics de sant\u00e9 \u00e0 l\u2019\u00e9chelle d\u2019un territoire\\<\\\/p\\>\"; toolTips('.classtoolTips189',tt_store_content,'18358'); <\/script><script type=\"text\/javascript\"> var tt_store_content = \"\\<p style\\='text\\-align\\: center;'\\>\\<span style\\='font\\-size\\: 14pt;'\\>\\<strong\\>C\\<\\\/strong\\>omit\u00e9 \\<strong\\>T\\<\\\/strong\\>echnique d'\\<strong\\>\u00c9\\<\\\/strong\\>tablissement\\<\\\/span\\>\\<\\\/p\\>\"; toolTips('.classtoolTips191',tt_store_content,'18359'); <\/script><script type=\"text\/javascript\"> var tt_store_content = \"\\<p style\\='text\\-align\\: center;'\\>\\<strong\\>J\\<\\\/strong\\>eux \\<strong\\>O\\<\\\/strong\\>lympiques<br\/>ou<br\/>\\<strong\\>J\\<\\\/strong\\>ournal \\<strong\\>O\\<\\\/strong\\>fficiel de la R\u00e9publique Fran\u00e7aise\\<\\\/p\\>\"; toolTips('.classtoolTips213',tt_store_content,'4451'); <\/script><script type=\"text\/javascript\"> var tt_store_content = \"\\<p\\><span class='tooltipsall tooltip_post_id_30593 classtoolTips214'>RN<\/span> \\= Rassemble National, c'est le parti d'extr\u00eame droite de Marine Le Pen qui succ\u00e8de au FN \\= Front National fond\u00e9 par son p\u00e8re Jean Marie Le Pen\\<\\\/p\\>\"; toolTips('.classtoolTips214',tt_store_content,'30593'); <\/script>","protected":false},"excerpt":{"rendered":"<p>Dans cette rubrique, illustr\u00e9e par le portrait de madame de Lafayette, l\u2019\u00e9quipe de r\u00e9daction du \u00ab&nbsp;Clairon&nbsp;\u00bb publie des courriers de lecteurs qu\u2019elle a s\u00e9lectionn\u00e9s parce qu\u2019\u00e9crits en r\u00e9action \u00e0 tel ou tel article publi\u00e9 par notre journal. La responsabilit\u00e9 du Clairon de l\u2019Atax n\u2019est pas engag\u00e9e par le contenu de <span class='tooltipsall tooltip_post_id_29829 classtoolTips180'>ces<\/span> textes. &nbsp; &nbsp;<script type=\"text\/javascript\"> var tt_store_content = \"\\<\/p>\n<p style\\='text\\-align\\: center;'\\>\\<span style\\='font\\-size\\: 14pt;'\\>\\<strong\\>R\\<\\\/strong\\>\u00e9pertoire \\<strong\\>N\\<\\\/strong\\>ational des \\<strong\\>A\\<\\\/strong\\>ssociations\\<\\\/span\\>\\<\\\/p\\>\"; toolTips('.classtoolTips159',tt_store_content,'24374'); <\/script><script type=\"text\/javascript\"> var tt_store_content = \"\\<p\\>Conseil \u00c9conomique et Social\\<\\\/p\\>\"; toolTips('.classtoolTips180',tt_store_content,'29829'); <\/script><script type=\"text\/javascript\"> var tt_store_content = \"\\<\/p>\n<p style\\='text\\-align\\: center;'\\>\\<span style\\='font\\-size\\: 14pt;'\\>\\<strong\\>G\\<\\\/strong\\>roupement \\<strong\\>H\\<\\\/strong\\>ospitalier de \\<strong\\>T\\<\\\/strong\\>erritoire\\<\\\/span\\>\\<\\\/p\\><br \/>\\<\/p>\n<p style\\='text\\-align\\: justify;'\\>Les groupements hospitaliers de territoires, dispositif pr\u00e9vu par la loi de sant\u00e9 2016, sont un nouveau mode de coop\u00e9ration entre les \u00e9tablissements publics de sant\u00e9 \u00e0 l\u2019\u00e9chelle d\u2019un territoire\\<\\\/p\\>\"; toolTips('.classtoolTips189',tt_store_content,'18358'); <\/script><script type=\"text\/javascript\"> var tt_store_content = \"\\<\/p>\n<p style\\='text\\-align\\: center;'\\>\\<span style\\='font\\-size\\: 14pt;'\\>\\<strong\\>C\\<\\\/strong\\>omit\u00e9 \\<strong\\>T\\<\\\/strong\\>echnique d'\\<strong\\>\u00c9\\<\\\/strong\\>tablissement\\<\\\/span\\>\\<\\\/p\\>\"; toolTips('.classtoolTips191',tt_store_content,'18359'); <\/script><script type=\"text\/javascript\"> var tt_store_content = \"\\<\/p>\n<p style\\='text\\-align\\: center;'\\>\\<strong\\>J\\<\\\/strong\\>eux \\<strong\\>O\\<\\\/strong\\>lympiques<br \/>ou<br \/>\\<strong\\>J\\<\\\/strong\\>ournal \\<strong\\>O\\<\\\/strong\\>fficiel de la R\u00e9publique Fran\u00e7aise\\<\\\/p\\>\"; toolTips('.classtoolTips213',tt_store_content,'4451'); <\/script><script type=\"text\/javascript\"> var tt_store_content = \"\\<p\\><span class='tooltipsall tooltip_post_id_30593 classtoolTips214'>RN<\/span> \\= Rassemble National, c'est le parti d'extr\u00eame droite de Marine Le Pen qui succ\u00e8de au FN \\= Front National fond\u00e9 par son p\u00e8re Jean Marie Le Pen\\<\\\/p\\>\"; toolTips('.classtoolTips214',tt_store_content,'30593'); <\/script><\/p>\n","protected":false},"author":1,"featured_media":0,"parent":8301,"menu_order":0,"comment_status":"closed","ping_status":"closed","template":"","meta":{"_acf_changed":false,"ngg_post_thumbnail":0,"footnotes":""},"coauthors":[8],"class_list":["post-5452","page","type-page","status-publish","hentry","no-thumb"],"acf":[],"jetpack_sharing_enabled":true,"jetpack_shortlink":"https:\/\/wp.me\/P9B5TM-1pW","_links":{"self":[{"href":"https:\/\/le-clairon-nouveau.fr\/wordpress\/wp-json\/wp\/v2\/pages\/5452","targetHints":{"allow":["GET"]}}],"collection":[{"href":"https:\/\/le-clairon-nouveau.fr\/wordpress\/wp-json\/wp\/v2\/pages"}],"about":[{"href":"https:\/\/le-clairon-nouveau.fr\/wordpress\/wp-json\/wp\/v2\/types\/page"}],"author":[{"embeddable":true,"href":"https:\/\/le-clairon-nouveau.fr\/wordpress\/wp-json\/wp\/v2\/users\/1"}],"replies":[{"embeddable":true,"href":"https:\/\/le-clairon-nouveau.fr\/wordpress\/wp-json\/wp\/v2\/comments?post=5452"}],"version-history":[{"count":0,"href":"https:\/\/le-clairon-nouveau.fr\/wordpress\/wp-json\/wp\/v2\/pages\/5452\/revisions"}],"up":[{"embeddable":true,"href":"https:\/\/le-clairon-nouveau.fr\/wordpress\/wp-json\/wp\/v2\/pages\/8301"}],"wp:attachment":[{"href":"https:\/\/le-clairon-nouveau.fr\/wordpress\/wp-json\/wp\/v2\/media?parent=5452"}],"wp:term":[{"taxonomy":"author","embeddable":true,"href":"https:\/\/le-clairon-nouveau.fr\/wordpress\/wp-json\/wp\/v2\/coauthors?post=5452"}],"curies":[{"name":"wp","href":"https:\/\/api.w.org\/{rel}","templated":true}]}}

Nos lecteurs nous écrivent

<p style="text-align: justify;"><em><a href="https://i0.wp.com/le-clairon-nouveau.fr/wordpress/wp-content/uploads/2018/03/Madame-de-Lafayette.jpg?ssl=1"><img data-recalc-dims="1" loading="lazy" decoding="async" class="size-medium wp-image-5453 alignleft" src="https://i0.wp.com/le-clairon-nouveau.fr/wordpress/wp-content/uploads/2018/03/Madame-de-Lafayette.jpg?resize=241%2C300&#038;ssl=1" alt="" width="241" height="300" srcset="https://i0.wp.com/le-clairon-nouveau.fr/wordpress/wp-content/uploads/2018/03/Madame-de-Lafayette.jpg?resize=241%2C300&amp;ssl=1 241w, https://i0.wp.com/le-clairon-nouveau.fr/wordpress/wp-content/uploads/2018/03/Madame-de-Lafayette.jpg?w=308&amp;ssl=1 308w" sizes="auto, (max-width: 241px) 100vw, 241px" /></a></em></p>
<p style="text-align: justify;"><span style="font-size: 14pt;"><em>Dans cette rubrique, illustrée par le portrait de madame de Lafayette, l’équipe de rédaction du «&nbsp;Clairon&nbsp;» publie des courriers de lecteurs qu’elle a sélectionnés parce qu’écrits en réaction à tel ou tel article publié par notre journal. </em></span></p>
<p style="text-align: justify;"><span style="font-size: 14pt;"><em>La responsabilité du Clairon de l’Atax n’est pas engagée par le contenu de <span class='tooltipsall tooltip_post_id_29829 classtoolTips180'>ces</span> textes.</em></span></p>
<p>&nbsp;</p>
<p>&nbsp;</p>
<div class="pt-cv-wrapper"><div class="pt-cv-view pt-cv-grid pt-cv-colsys pt-cv-post-border" id="pt-cv-view-8090fb6z9g"><div data-id="pt-cv-page-1" class="pt-cv-page cv-npf" data-cvc="1"><div class="col-md-12 col-sm-12 col-xs-12 pt-cv-content-item pt-cv-2-col"  data-pid="0"><div class='pt-cv-ifield'><div class="pt-cv-no-post">Aucune publication trouvée.</div></div></div></div></div></div>			<style type="text/css" id="pt-cv-inline-style-c094b35nai">#pt-cv-view-8090fb6z9g.pt-cv-post-border { margin: 0; border-top-width: 1px; border-left-width: 1px }
#pt-cv-view-8090fb6z9g.pt-cv-post-border { margin: 0; border-top-style: solid; border-left-style: solid }
#pt-cv-view-8090fb6z9g.pt-cv-post-border { margin: 0; border-top-color: #ede0ce; border-left-color: #ede0ce }
#pt-cv-view-8090fb6z9g.pt-cv-post-border .pt-cv-content-item   { border-right-width: 1px; border-bottom-width: 1px; border-right-style: solid; border-bottom-style: solid; border-right-color: #ede0ce; border-bottom-color: #ede0ce; }
#pt-cv-view-8090fb6z9g .pt-cv-title a, #pt-cv-view-8090fb6z9g  .panel-title { font-weight: 600 !important; }
#pt-cv-view-8090fb6z9g  .pt-cv-hover-wrapper::before   { background-color: rgba(0,0,0,.3) !important; }
#pt-cv-view-8090fb6z9g  .pt-cv-content-item:hover .pt-cv-hover-wrapper::before   { background-color: rgba(51,51,51,.6) !important; }
#pt-cv-view-8090fb6z9g:not(.pt-cv-nohover) .pt-cv-mask *   { color: #fff; }
#pt-cv-view-8090fb6z9g .pt-cv-carousel-caption  { background-color: rgba(51,51,51,.6) !important; }
#pt-cv-view-8090fb6z9g .pt-cv-meta-fields * { color: #dd3333 !important; font-weight: 600 !important; }
#pt-cv-view-8090fb6z9g .pt-cv-specialp { background-color: #CC3333 !important }
#pt-cv-view-8090fb6z9g .pt-cv-specialp * { color: #fff !important; }
#pt-cv-view-8090fb6z9g .pt-cv-pficon  { color: #bbb !important; }
#pt-cv-view-8090fb6z9g  .add_to_cart_button, #pt-cv-view-8090fb6z9g  .add_to_cart_button *   { color: #ffffff !important; background-color: #00aeef !important; }
#pt-cv-view-8090fb6z9g  .woocommerce-onsale   { color: #ffffff !important; background-color: #ff5a5f !important; }
#pt-cv-view-8090fb6z9g .pt-cv-readmore:hover  { color: #ffffff !important; background-color: #00aeef !important; }
#pt-cv-view-8090fb6z9g  + .pt-cv-pagination-wrapper .pt-cv-more , #pt-cv-view-8090fb6z9g  + .pt-cv-pagination-wrapper .pagination .active a { color: #ffffff !important; background-color: #00aeef !important; }
[id^='pt-cv-filter-bar-8090fb6z9g'] .active.pt-cv-filter-option, [id^='pt-cv-filter-bar-8090fb6z9g'] .active .pt-cv-filter-option, [id^='pt-cv-filter-bar-8090fb6z9g'] .selected.pt-cv-filter-option, [id^='pt-cv-filter-bar-8090fb6z9g'] .dropdown-toggle   { color: #fff !important; background-color: #00aeef !important; }
[id^='pt-cv-filter-bar-8090fb6z9g'] .pt-cv-filter-title   { color: #fff !important; background-color: #00aeef !important; }
#pt-cv-gls-8090fb6z9g li a.pt-active   { color: #fff !important; background-color: #ff5a5f !important; }
#pt-cv-view-8090fb6z9g .pt-cv-gls-header  { color: #fff !important; background-color: #00aeef !important; }</style>
			
<script type="text/javascript"> var tt_store_content = "\<p style\='text\-align\: center;'\>\<span style\='font\-size\: 14pt;'\>\<strong\>R\<\/strong\>épertoire \<strong\>N\<\/strong\>ational des \<strong\>A\<\/strong\>ssociations\<\/span\>\<\/p\>"; toolTips('.classtoolTips159',tt_store_content,'24374'); </script><script type="text/javascript"> var tt_store_content = "\<p\>Conseil Économique et Social\<\/p\>"; toolTips('.classtoolTips180',tt_store_content,'29829'); </script><script type="text/javascript"> var tt_store_content = "\<p style\='text\-align\: center;'\>\<span style\='font\-size\: 14pt;'\>\<strong\>G\<\/strong\>roupement \<strong\>H\<\/strong\>ospitalier de \<strong\>T\<\/strong\>erritoire\<\/span\>\<\/p\><br/>\<p style\='text\-align\: justify;'\>Les groupements hospitaliers de territoires, dispositif prévu par la loi de santé 2016, sont un nouveau mode de coopération entre les établissements publics de santé à l’échelle d’un territoire\<\/p\>"; toolTips('.classtoolTips189',tt_store_content,'18358'); </script><script type="text/javascript"> var tt_store_content = "\<p style\='text\-align\: center;'\>\<span style\='font\-size\: 14pt;'\>\<strong\>C\<\/strong\>omité \<strong\>T\<\/strong\>echnique d'\<strong\>É\<\/strong\>tablissement\<\/span\>\<\/p\>"; toolTips('.classtoolTips191',tt_store_content,'18359'); </script><script type="text/javascript"> var tt_store_content = "\<p style\='text\-align\: center;'\>\<strong\>J\<\/strong\>eux \<strong\>O\<\/strong\>lympiques<br/>ou<br/>\<strong\>J\<\/strong\>ournal \<strong\>O\<\/strong\>fficiel de la République Française\<\/p\>"; toolTips('.classtoolTips213',tt_store_content,'4451'); </script><script type="text/javascript"> var tt_store_content = "\<p\><span class='tooltipsall tooltip_post_id_30593 classtoolTips214'>RN</span> \= Rassemble National, c'est le parti d'extrême droite de Marine Le Pen qui succède au FN \= Front National fondé par son père Jean Marie Le Pen\<\/p\>"; toolTips('.classtoolTips214',tt_store_content,'30593'); </script>

<p>Dans cette rubrique, illustrée par le portrait de madame de Lafayette, l’équipe de rédaction du «&nbsp;Clairon&nbsp;» publie des courriers de lecteurs qu’elle a sélectionnés parce qu’écrits en réaction à tel ou tel article publié par notre journal. La responsabilité du Clairon de l’Atax n’est pas engagée par le contenu de <span class='tooltipsall tooltip_post_id_29829 classtoolTips180'>ces</span> textes. &nbsp; &nbsp;<script type="text/javascript"> var tt_store_content = "\</p>
<p style\='text\-align\: center;'\>\<span style\='font\-size\: 14pt;'\>\<strong\>R\<\/strong\>épertoire \<strong\>N\<\/strong\>ational des \<strong\>A\<\/strong\>ssociations\<\/span\>\<\/p\>"; toolTips('.classtoolTips159',tt_store_content,'24374'); </script><script type="text/javascript"> var tt_store_content = "\<p\>Conseil Économique et Social\<\/p\>"; toolTips('.classtoolTips180',tt_store_content,'29829'); </script><script type="text/javascript"> var tt_store_content = "\</p>
<p style\='text\-align\: center;'\>\<span style\='font\-size\: 14pt;'\>\<strong\>G\<\/strong\>roupement \<strong\>H\<\/strong\>ospitalier de \<strong\>T\<\/strong\>erritoire\<\/span\>\<\/p\><br />\</p>
<p style\='text\-align\: justify;'\>Les groupements hospitaliers de territoires, dispositif prévu par la loi de santé 2016, sont un nouveau mode de coopération entre les établissements publics de santé à l’échelle d’un territoire\<\/p\>"; toolTips('.classtoolTips189',tt_store_content,'18358'); </script><script type="text/javascript"> var tt_store_content = "\</p>
<p style\='text\-align\: center;'\>\<span style\='font\-size\: 14pt;'\>\<strong\>C\<\/strong\>omité \<strong\>T\<\/strong\>echnique d'\<strong\>É\<\/strong\>tablissement\<\/span\>\<\/p\>"; toolTips('.classtoolTips191',tt_store_content,'18359'); </script><script type="text/javascript"> var tt_store_content = "\</p>
<p style\='text\-align\: center;'\>\<strong\>J\<\/strong\>eux \<strong\>O\<\/strong\>lympiques<br />ou<br />\<strong\>J\<\/strong\>ournal \<strong\>O\<\/strong\>fficiel de la République Française\<\/p\>"; toolTips('.classtoolTips213',tt_store_content,'4451'); </script><script type="text/javascript"> var tt_store_content = "\<p\><span class='tooltipsall tooltip_post_id_30593 classtoolTips214'>RN</span> \= Rassemble National, c'est le parti d'extrême droite de Marine Le Pen qui succède au FN \= Front National fondé par son père Jean Marie Le Pen\<\/p\>"; toolTips('.classtoolTips214',tt_store_content,'30593'); </script></p>
